{"id":28185,"date":"2024-12-20T16:37:34","date_gmt":"2024-12-20T19:37:34","guid":{"rendered":"https:\/\/desarrolloinfantil.com.ar\/di\/?post_type=product&#038;p=28185"},"modified":"2026-04-01T16:29:58","modified_gmt":"2026-04-01T19:29:58","slug":"mentoria-mama-libre-y-en-accion","status":"publish","type":"product","link":"https:\/\/desarrolloinfantil.com.ar\/di\/product\/mentoria-mama-libre-y-en-accion\/","title":{"rendered":"MENTOR\u00cdA MAMA LIBRE Y EN ACCI\u00d3N"},"content":{"rendered":"<h4 style=\"text-align: center;\"><strong><em>&#8220;La naturaleza hace del ser humano un mero ser natural. La sociedad le transforma en un ser social, que obra conforme a las leyes. Solo \u00e9l\/ella, puede hacer de s\u00ed misma un ser libre\u201d<\/em> Rudolf Steiner<\/strong><\/h4>\n<p style=\"text-align: center;\"><em><span style=\"color: #808000;\">Recuerda que el contenido de cada d\u00eda ser\u00e1 incluido en la medida que avancemos con la mentor\u00eda.<\/span><\/em><\/p>\n<h5>\u00bfCu\u00e1l ser\u00e1 nuestro enfoque en cada encuentro en esta mentor\u00eda?<\/h5>\n<p><b>Dia 1:\u00a0 Alineando mi ENERG\u00cdA.\u00a0<\/b><\/p>\n<ul>\n<li style=\"font-weight: 400;\" aria-level=\"1\"><span style=\"font-weight: 400;\">\u00bfQu\u00e9 significa ser, sentir y accionar desde mi libertad?<\/span><\/li>\n<li style=\"font-weight: 400;\" aria-level=\"1\"><span style=\"font-weight: 400;\">Mi Prop\u00f3sito: tener energ\u00eda para mi, y mi familia.<\/span><\/li>\n<li style=\"font-weight: 400;\" aria-level=\"1\"><span style=\"font-weight: 400;\">Mis heridas, \u00bfC\u00f3mo identificar si estoy en el pasado o en el futuro?<\/span><\/li>\n<li style=\"font-weight: 400;\" aria-level=\"1\"><span style=\"font-weight: 400;\">Conectando con mis sue\u00f1os en uno, tres y diez a\u00f1os.<\/span><\/li>\n<li style=\"font-weight: 400;\" aria-level=\"1\"><span style=\"font-weight: 400;\">Herramientas para planificar y manifestar tus sue\u00f1os<\/span><\/li>\n<\/ul>\n<p><b>Dia 2 <\/b><b>Mis SUE\u00d1OS y ANHELOS<\/b><\/p>\n<ul>\n<li style=\"font-weight: 400;\" aria-level=\"1\"><span style=\"font-weight: 400;\">Creencias limitantes y posibilitantes.<\/span><\/li>\n<li style=\"font-weight: 400;\" aria-level=\"1\"><span style=\"font-weight: 400;\">Rompiendo estructuras, creando nuevos paradigmas<\/span><\/li>\n<li style=\"font-weight: 400;\" aria-level=\"1\"><span style=\"font-weight: 400;\">Creando mi propia ruta (planificaci\u00f3n y puesta en acci\u00f3n)<\/span><\/li>\n<li style=\"font-weight: 400;\" aria-level=\"1\"><span style=\"font-weight: 400;\">Mi nueva identidad aqu\u00ed y ahora.<\/span><\/li>\n<li style=\"font-weight: 400;\" aria-level=\"1\"><span style=\"font-weight: 400;\">Claves para integrar la maternidad con mi servicio al mundo.<\/span><\/li>\n<\/ul>\n<p><b>Dia 3 <\/b><b>Alineando mi nueva identidad<\/b><\/p>\n<ul>\n<li style=\"font-weight: 400;\" aria-level=\"1\"><span style=\"font-weight: 400;\">Revisi\u00f3n mi nueva identidad<\/span><\/li>\n<li style=\"font-weight: 400;\" aria-level=\"1\"><span style=\"font-weight: 400;\">\u00bfC\u00f3mo me alineo con esta nueva forma?<\/span><\/li>\n<li style=\"font-weight: 400;\" aria-level=\"1\"><span style=\"font-weight: 400;\">Mi nueva energ\u00eda de madre.<\/span><\/li>\n<li style=\"font-weight: 400;\" aria-level=\"1\"><span style=\"font-weight: 400;\">Claves para integrar la maternidad con mi servicio al mundo.<\/span><\/li>\n<li style=\"font-weight: 400;\" aria-level=\"1\"><span style=\"font-weight: 400;\">Revisi\u00f3n general para estar alineadas entre la maternidad y mi vida de mujer.<\/span><\/li>\n<li style=\"font-weight: 400;\" aria-level=\"1\"><span style=\"font-weight: 400;\">Plan anual, mensual y semanal.<\/span><\/li>\n<\/ul>\n","protected":false},"excerpt":{"rendered":"<h4>MENTOR\u00cdA MAMA LIBRE Y EN ACCI\u00d3N<\/h4>\n<p>\u00bfTe gustar\u00eda enamorarme de vos misma?<br \/>\n\u00bfTe gustar\u00eda alinear tu energ\u00eda, liberar\u00a0 culpas para conectarte con tus sue\u00f1os como mam\u00e1 y mujer?<\/p>\n<p><strong>Ser libre es tener claridad de qui\u00e9n queremos ser<\/strong>, qu\u00e9 vida queremos habitar y qu\u00e9 valores queremos encarnar.<\/p>\n<p><strong>Ser libre es ejercer liderazgo en nuestra propia vida<\/strong>, para decidir, poner l\u00edmites y elegir sin culpa el camino que nos hace bien.<\/p>\n<p><strong>Y ser libre es disfrutar.<\/strong><br \/>\nPorque cuando caminamos hacia nuestra mejor versi\u00f3n \u2014esa que no se juzga, esa que se abraza, esa que se ama\u2014 podemos disfrutar de nosotras mismas y tambi\u00e9n de nuestros hijos.<\/p>\n<p>La plenitud nace ah\u00ed:<br \/>\ncuando dejamos de sobrevivir la maternidad y empezamos a habitarla desde el amor, la presencia y la coherencia con quienes somos.<\/p>\n<h2>Bonos de regalo. \ud83c\udf81<\/h2>\n<p>\u2728 Crear tu propio Tablero de Sue\u00f1os<br \/>\nUn recorrido pr\u00e1ctico y posible:<br \/>\n3 ideas simples y r\u00e1pidas para construir tu tablero de visi\u00f3n, alineado a tu realidad como mam\u00e1 y mujer.<\/p>\n<p>\u2728 Botiqu\u00edn de una Mam\u00e1 Libre<br \/>\n10 claves para salir de emociones de fracaso, recuperar claridad emocional y establecer una ruta concreta para resolver situaciones que hoy te abruman.<\/p>\n<p>\u2728 El dinero tambi\u00e9n es energ\u00eda<br \/>\nUna clase para comenzar a ordenar tus finanzas desde una mirada consciente y magn\u00e9tica, sin culpa ni miedo.<\/p>\n<p>\u2728 Descubr\u00ed tu prop\u00f3sito hoy<br \/>\nUn espacio profundo para identificar y esclarecer tu prop\u00f3sito y misi\u00f3n, conectando maternidad, biograf\u00eda y sentido.<\/p>\n<p>\ud83c\udf3f Experiencias exclusivas incluidas solo para 2026.<\/p>\n<p>\ud83d\udd39 Acceso exclusivo al M\u00f3dulo Preparatorio: ENERG\u00cdA<br \/>\nPorque sin energ\u00eda no hay aprendizaje ni creaci\u00f3n.<br \/>\nEn este m\u00f3dulo vas a encontrar todo lo necesario para recuperar, sostener y ordenar tu energ\u00eda a lo largo de toda la mentor\u00eda, para que el proceso sea posible y amoroso.<\/p>\n<p>\ud83d\udd39 Contenido complementario de integraci\u00f3n<br \/>\nAcceso exclusivo al Encuentro de Febrero, donde retomaremos lo vivido durante los 3 d\u00edas intensivos y afinaremos con mayor claridad la direcci\u00f3n y los objetivos de tu 2026.<\/p>\n<p>&nbsp;<\/p>\n","protected":false},"featured_media":28245,"comment_status":"open","ping_status":"closed","template":"","meta":{"inline_featured_image":false,"site-sidebar-layout":"default","site-content-layout":"default","ast-site-content-layout":"default","site-content-style":"default","site-sidebar-style":"default","ast-global-header-display":"","ast-banner-title-visibility":"","ast-main-header-display":"","ast-hfb-above-header-display":"","ast-hfb-below-header-display":"","ast-hfb-mobile-header-display":"","site-post-title":"","ast-breadcrumbs-content":"","ast-featured-img":"","footer-sml-layout":"","ast-disable-related-posts":"","theme-transparent-header-meta":"default","adv-header-id-meta":"","stick-header-meta":"","header-above-stick-meta":"","header-main-stick-meta":"","header-below-stick-meta":"","astra-migrate-meta-layouts":"set","ast-page-background-enabled":"default","ast-page-background-meta":{"desktop":{"background-color":"","background-image":"","background-repeat":"repeat","background-position":"center center","background-size":"auto","background-attachment":"scroll","background-type":"","background-media":"","overlay-type":"","overlay-color":"","overlay-opacity":"","overlay-gradient":""},"tablet":{"background-color":"","background-image":"","background-repeat":"repeat","background-position":"center center","background-size":"auto","background-attachment":"scroll","background-type":"","background-media":"","overlay-type":"","overlay-color":"","overlay-opacity":"","overlay-gradient":""},"mobile":{"background-color":"","background-image":"","background-repeat":"repeat","background-position":"center center","background-size":"auto","background-attachment":"scroll","background-type":"","background-media":"","overlay-type":"","overlay-color":"","overlay-opacity":"","overlay-gradient":""}},"ast-content-background-meta":{"desktop":{"background-color":"var(--ast-global-color-5)","background-image":"","background-repeat":"repeat","background-position":"center center","background-size":"auto","background-attachment":"scroll","background-type":"","background-media":"","overlay-type":"","overlay-color":"","overlay-opacity":"","overlay-gradient":""},"tablet":{"background-color":"var(--ast-global-color-5)","background-image":"","background-repeat":"repeat","background-position":"center center","background-size":"auto","background-attachment":"scroll","background-type":"","background-media":"","overlay-type":"","overlay-color":"","overlay-opacity":"","overlay-gradient":""},"mobile":{"background-color":"var(--ast-global-color-5)","background-image":"","background-repeat":"repeat","background-position":"center center","background-size":"auto","background-attachment":"scroll","background-type":"","background-media":"","overlay-type":"","overlay-color":"","overlay-opacity":"","overlay-gradient":""}}},"product_brand":[],"product_cat":[34],"product_tag":[],"class_list":{"0":"post-28185","1":"product","2":"type-product","3":"status-publish","4":"has-post-thumbnail","6":"product_cat-cursos","7":"desktop-align-left","8":"tablet-align-left","9":"mobile-align-left","11":"first","12":"instock","13":"virtual","14":"sold-individually","15":"purchasable","16":"product-type-simple"},"_links":{"self":[{"href":"https:\/\/desarrolloinfantil.com.ar\/di\/wp-json\/wp\/v2\/product\/28185","targetHints":{"allow":["GET"]}}],"collection":[{"href":"https:\/\/desarrolloinfantil.com.ar\/di\/wp-json\/wp\/v2\/product"}],"about":[{"href":"https:\/\/desarrolloinfantil.com.ar\/di\/wp-json\/wp\/v2\/types\/product"}],"replies":[{"embeddable":true,"href":"https:\/\/desarrolloinfantil.com.ar\/di\/wp-json\/wp\/v2\/comments?post=28185"}],"wp:featuredmedia":[{"embeddable":true,"href":"https:\/\/desarrolloinfantil.com.ar\/di\/wp-json\/wp\/v2\/media\/28245"}],"wp:attachment":[{"href":"https:\/\/desarrolloinfantil.com.ar\/di\/wp-json\/wp\/v2\/media?parent=28185"}],"wp:term":[{"taxonomy":"product_brand","embeddable":true,"href":"https:\/\/desarrolloinfantil.com.ar\/di\/wp-json\/wp\/v2\/product_brand?post=28185"},{"taxonomy":"product_cat","embeddable":true,"href":"https:\/\/desarrolloinfantil.com.ar\/di\/wp-json\/wp\/v2\/product_cat?post=28185"},{"taxonomy":"product_tag","embeddable":true,"href":"https:\/\/desarrolloinfantil.com.ar\/di\/wp-json\/wp\/v2\/product_tag?post=28185"}],"curies":[{"name":"wp","href":"https:\/\/api.w.org\/{rel}","templated":true}]}}

MENTORÍA MAMA LIBRE Y EN ACCIÓN

<h4 style="text-align: center;"><strong><em>&#8220;La naturaleza hace del ser humano un mero ser natural. La sociedad le transforma en un ser social, que obra conforme a las leyes. Solo él/ella, puede hacer de sí misma un ser libre”</em> Rudolf Steiner</strong></h4>
<p style="text-align: center;"><em><span style="color: #808000;">Recuerda que el contenido de cada día será incluido en la medida que avancemos con la mentoría.</span></em></p>
<h5>¿Cuál será nuestro enfoque en cada encuentro en esta mentoría?</h5>
<p><b>Dia 1:  Alineando mi ENERGÍA. </b></p>
<ul>
<li style="font-weight: 400;" aria-level="1"><span style="font-weight: 400;">¿Qué significa ser, sentir y accionar desde mi libertad?</span></li>
<li style="font-weight: 400;" aria-level="1"><span style="font-weight: 400;">Mi Propósito: tener energía para mi, y mi familia.</span></li>
<li style="font-weight: 400;" aria-level="1"><span style="font-weight: 400;">Mis heridas, ¿Cómo identificar si estoy en el pasado o en el futuro?</span></li>
<li style="font-weight: 400;" aria-level="1"><span style="font-weight: 400;">Conectando con mis sueños en uno, tres y diez años.</span></li>
<li style="font-weight: 400;" aria-level="1"><span style="font-weight: 400;">Herramientas para planificar y manifestar tus sueños</span></li>
</ul>
<p><b>Dia 2 </b><b>Mis SUEÑOS y ANHELOS</b></p>
<ul>
<li style="font-weight: 400;" aria-level="1"><span style="font-weight: 400;">Creencias limitantes y posibilitantes.</span></li>
<li style="font-weight: 400;" aria-level="1"><span style="font-weight: 400;">Rompiendo estructuras, creando nuevos paradigmas</span></li>
<li style="font-weight: 400;" aria-level="1"><span style="font-weight: 400;">Creando mi propia ruta (planificación y puesta en acción)</span></li>
<li style="font-weight: 400;" aria-level="1"><span style="font-weight: 400;">Mi nueva identidad aquí y ahora.</span></li>
<li style="font-weight: 400;" aria-level="1"><span style="font-weight: 400;">Claves para integrar la maternidad con mi servicio al mundo.</span></li>
</ul>
<p><b>Dia 3 </b><b>Alineando mi nueva identidad</b></p>
<ul>
<li style="font-weight: 400;" aria-level="1"><span style="font-weight: 400;">Revisión mi nueva identidad</span></li>
<li style="font-weight: 400;" aria-level="1"><span style="font-weight: 400;">¿Cómo me alineo con esta nueva forma?</span></li>
<li style="font-weight: 400;" aria-level="1"><span style="font-weight: 400;">Mi nueva energía de madre.</span></li>
<li style="font-weight: 400;" aria-level="1"><span style="font-weight: 400;">Claves para integrar la maternidad con mi servicio al mundo.</span></li>
<li style="font-weight: 400;" aria-level="1"><span style="font-weight: 400;">Revisión general para estar alineadas entre la maternidad y mi vida de mujer.</span></li>
<li style="font-weight: 400;" aria-level="1"><span style="font-weight: 400;">Plan anual, mensual y semanal.</span></li>
</ul>

<h4>MENTORÍA MAMA LIBRE Y EN ACCIÓN</h4>
<p>¿Te gustaría enamorarme de vos misma?<br />
¿Te gustaría alinear tu energía, liberar  culpas para conectarte con tus sueños como mamá y mujer?</p>
<p><strong>Ser libre es tener claridad de quién queremos ser</strong>, qué vida queremos habitar y qué valores queremos encarnar.</p>
<p><strong>Ser libre es ejercer liderazgo en nuestra propia vida</strong>, para decidir, poner límites y elegir sin culpa el camino que nos hace bien.</p>
<p><strong>Y ser libre es disfrutar.</strong><br />
Porque cuando caminamos hacia nuestra mejor versión —esa que no se juzga, esa que se abraza, esa que se ama— podemos disfrutar de nosotras mismas y también de nuestros hijos.</p>
<p>La plenitud nace ahí:<br />
cuando dejamos de sobrevivir la maternidad y empezamos a habitarla desde el amor, la presencia y la coherencia con quienes somos.</p>
<h2>Bonos de regalo. 🎁</h2>
<p>✨ Crear tu propio Tablero de Sueños<br />
Un recorrido práctico y posible:<br />
3 ideas simples y rápidas para construir tu tablero de visión, alineado a tu realidad como mamá y mujer.</p>
<p>✨ Botiquín de una Mamá Libre<br />
10 claves para salir de emociones de fracaso, recuperar claridad emocional y establecer una ruta concreta para resolver situaciones que hoy te abruman.</p>
<p>✨ El dinero también es energía<br />
Una clase para comenzar a ordenar tus finanzas desde una mirada consciente y magnética, sin culpa ni miedo.</p>
<p>✨ Descubrí tu propósito hoy<br />
Un espacio profundo para identificar y esclarecer tu propósito y misión, conectando maternidad, biografía y sentido.</p>
<p>🌿 Experiencias exclusivas incluidas solo para 2026.</p>
<p>🔹 Acceso exclusivo al Módulo Preparatorio: ENERGÍA<br />
Porque sin energía no hay aprendizaje ni creación.<br />
En este módulo vas a encontrar todo lo necesario para recuperar, sostener y ordenar tu energía a lo largo de toda la mentoría, para que el proceso sea posible y amoroso.</p>
<p>🔹 Contenido complementario de integración<br />
Acceso exclusivo al Encuentro de Febrero, donde retomaremos lo vivido durante los 3 días intensivos y afinaremos con mayor claridad la dirección y los objetivos de tu 2026.</p>
<p>&nbsp;</p>
